{"version":"1.0","provider_name":"MNAC Canal","provider_url":"https:\/\/canal.mesmnac.cat\/es\/","author_name":"Laia P\u00e9rez Pena","author_url":"https:\/\/canal.mesmnac.cat\/es\/author\/laia\/","title":"Erik Satie","type":"rich","width":600,"height":338,"html":"<blockquote class=\"wp-embedded-content\" data-secret=\"H2c0KRa9DQ\"><a href=\"https:\/\/canal.mesmnac.cat\/es\/escucha\/la-llegenda-de-suzanne-i-erik\/\">Erik Satie<\/a><\/blockquote><iframe sandbox=\"allow-scripts\" security=\"restricted\" src=\"https:\/\/canal.mesmnac.cat\/es\/escucha\/la-llegenda-de-suzanne-i-erik\/embed\/#?secret=H2c0KRa9DQ\" width=\"600\" height=\"338\" title=\"&#8220;Erik Satie&#8221; &#8212; MNAC Canal\" data-secret=\"H2c0KRa9DQ\" frameborder=\"0\" marginwidth=\"0\" marginheight=\"0\" scrolling=\"no\" class=\"wp-embedded-content\"><\/iframe><script>\n\/*! This file is auto-generated *\/\n!function(d,l){\"use strict\";l.querySelector&&d.addEventListener&&\"undefined\"!=typeof URL&&(d.wp=d.wp||{},d.wp.receiveEmbedMessage||(d.wp.receiveEmbedMessage=function(e){var t=e.data;if((t||t.secret||t.message||t.value)&&!\/[^a-zA-Z0-9]\/.test(t.secret)){for(var s,r,n,a=l.querySelectorAll('iframe[data-secret=\"'+t.secret+'\"]'),o=l.querySelectorAll('blockquote[data-secret=\"'+t.secret+'\"]'),c=new RegExp(\"^https?:$\",\"i\"),i=0;i<o.length;i++)o[i].style.display=\"none\";for(i=0;i<a.length;i++)s=a[i],e.source===s.contentWindow&&(s.removeAttribute(\"style\"),\"height\"===t.message?(1e3<(r=parseInt(t.value,10))?r=1e3:~~r<200&&(r=200),s.height=r):\"link\"===t.message&&(r=new URL(s.getAttribute(\"src\")),n=new URL(t.value),c.test(n.protocol))&&n.host===r.host&&l.activeElement===s&&(d.top.location.href=t.value))}},d.addEventListener(\"message\",d.wp.receiveEmbedMessage,!1),l.addEventListener(\"DOMContentLoaded\",function(){for(var e,t,s=l.querySelectorAll(\"iframe.wp-embedded-content\"),r=0;r<s.length;r++)(t=(e=s[r]).getAttribute(\"data-secret\"))||(t=Math.random().toString(36).substring(2,12),e.src+=\"#?secret=\"+t,e.setAttribute(\"data-secret\",t)),e.contentWindow.postMessage({message:\"ready\",secret:t},\"*\")},!1)))}(window,document);\n\/\/# sourceURL=https:\/\/canal.mesmnac.cat\/wp\/wp-includes\/js\/wp-embed.min.js\n<\/script>\n","thumbnail_url":"https:\/\/canal.mesmnac.cat\/app\/uploads\/2024\/04\/Spotify_MNAC_Satie_VALADON.jpg","thumbnail_width":1080,"thumbnail_height":1080,"description":"Malgrat tractar-se d\u2019una relaci\u00f3 llegend\u00e0ria, en realitat nom\u00e9s hauria durat sis mesos, entre gener i juny de 1893. Satie va iniciar la relaci\u00f3 amb Valadon poc despr\u00e9s que ella hagu\u00e9s finalitzat amb Miquel Utrillo, fet que va suposar alhora el trencament dels dos amics. La parella no va funcionar, sembla que a causa del car\u00e0cter gel\u00f3s i excessiu del m\u00fasic. Com a resultat pl\u00e0stic n\u2019ha quedat un c\u00e8lebre retrat de Satie per Valadon \u2013que ell va conservar tota la vida. En el terreny musical va donar lloc a les c\u00e8lebres Vexations de Satie, que compos\u00e0 durant el proc\u00e9s de dol despr\u00e9s del trencament amb Biqui \u2013aix\u00ed anomenava afectuosament Valadon\u2500, que hauria estat l\u2019\u00fanica relaci\u00f3 que es va con\u00e8ixer del m\u00fasic."}

Laia Pérez Pena

Malgrat tractar-se d’una relació llegendària, en realitat només hauria durat sis mesos, entre gener i juny de 1893. Satie va iniciar la relació amb Valadon poc després que ella hagués finalitzat amb Miquel Utrillo, fet que va suposar alhora el trencament dels dos amics. La parella no va funcionar, sembla que a causa del caràcter gelós i excessiu del músic. Com a resultat plàstic n’ha quedat un cèlebre retrat de Satie per Valadon –que ell va conservar tota la vida. En el terreny musical va donar lloc a les cèlebres Vexations de Satie, que composà durant el procés de dol després del trencament amb Biqui –així anomenava afectuosament Valadon─, que hauria estat l’única relació que es va conèixer del músic.
